{"id":274,"date":"2025-02-21T14:30:11","date_gmt":"2025-02-21T13:30:11","guid":{"rendered":"http:\/\/www.wymiana-fis.pl\/?page_id=274"},"modified":"2025-02-21T14:52:31","modified_gmt":"2025-02-21T13:52:31","slug":"audi-vw-seat-skoda","status":"publish","type":"page","link":"http:\/\/www.wymiana-fis.pl\/?page_id=274","title":{"rendered":"Audi, VW, Seat, Skoda, Porshe"},"content":{"rendered":"<p>Wy\u015bwietlacze z grupy VAG czyli do samochod\u00f3w Audi, VW, Porshe, Seat oraz Skoda.<\/p>\n\n\n<figure class=\"wp-block-table aligncenter\"><table class=\"has-fixed-layout\"><tbody><tr><td><strong>Wy\u015bwietlacze 1\/2 FIS (p\u00f3\u0142 FIS, ma\u0142y FIS, ma\u0142y MFA)<\/strong><\/td><td class=\"has-text-align-left\" data-align=\"left\"><strong>Wy\u015bwietlacze Pe\u0142ny FIS (FULL FIS, du\u017cy FIS, du\u017cy MFA)<\/strong><\/td><\/tr><tr><td><strong>Segment B5<\/strong><br><strong><em>\u2013 liczniki VDO:<\/em><\/strong><br><strong>Audi A3<\/strong>&nbsp;<strong>8L<\/strong>&nbsp;1996 &#8211; 2003r<br><strong>Audi A4 B5&nbsp;<\/strong>1997-2001r<br><strong>Audi A6 C5<\/strong>&nbsp;1997-2005r<br><strong>VW Bora<\/strong>&nbsp;1997- 2003r<br><strong>VW Golf IV<\/strong>&nbsp;(4) 1997 &#8211; 2004r<br><strong>VW Passat<\/strong>&nbsp;<strong>B5 i B5 FL<\/strong> 1996 &#8211; 2002r<br><strong>VW Sharan<\/strong>&nbsp;2000- 2010r<br><strong>VW T4<\/strong>&nbsp;1999-2003r<br><strong>VW T5<\/strong>&nbsp;2003-2009r<br><strong>SEAT Alhambra<\/strong>&nbsp;2000 &#8211; 2010r<br><strong>FORD Galaxy<\/strong>&nbsp;2000 &#8211; 2006r<br><strong>\u2013<em>&nbsp;liczniki Jaeger:<\/em><\/strong><br><strong>Audi A3\/S3 8L<\/strong>&nbsp;1996 &#8211; 2003r<br><strong>Audi A4\/S4\/RS4 B5<\/strong>, 1995- 2001r<br><strong>Audi A6\/S6\/RS6 C5<\/strong>, 1997- 2004r<br><strong>Audi TT 8N<\/strong>&nbsp;1998 &#8211; 2006r<br><br><br><br><br>&#8212;&#8212;&#8212;&#8212;&#8212;&#8212;&#8212;&#8212;&#8212;&#8212;&#8212;&#8212;&#8212;&#8212;&#8212;<br><strong>Segment B6<\/strong><br><strong>Caddy<\/strong>&nbsp;2004 \u2013 2010r<br><strong>Golf V<\/strong>&nbsp;2003 \u2013 2008r<br><strong>Jetta<\/strong>&nbsp;2003 \u2013 2010r<br><strong>Passat<\/strong>&nbsp;2005 \u2013 2009r<br><strong>Touran<\/strong>&nbsp;2003 \u2013 2010r<br><br><\/td><td class=\"has-text-align-left\" data-align=\"left\"><strong>Segment B5<\/strong><br><strong><em>\u2013 liczniki VDO:<\/em><\/strong><br><strong>Audi A2&nbsp;<\/strong>2000 &#8211; 2005r<br><strong>Audi A3<\/strong>&nbsp;<strong>8L<\/strong>&nbsp;1996 &#8211; 2003r<br><strong>Audi A4 B5&nbsp;<\/strong>1997-2001r<br><strong>Audi A6 C5<\/strong>&nbsp;1997-2005r<br><strong>Audi A8<\/strong>&nbsp;1994-2001r<br><strong>VW GOLF IV<\/strong>&nbsp;1997-2006r<br><strong>VW BORA<\/strong>&nbsp;1997-2006r<br><strong>VW Passat B5 i B5 FL&nbsp;<\/strong>1997-2005r<br><strong>VW T4<\/strong>&nbsp;1999-2003r<br><strong>VW T5<\/strong>&nbsp;2003-2009r<br><strong>VW SHARAN 7M<\/strong>&nbsp;2000-2010r<br><strong>FORD GALAXY<\/strong>&nbsp;WGR 2000-2006r<br><strong>SEAT ALHAMBRA<\/strong>&nbsp;2000-2010r<br><strong>SEAT IBIZA III<\/strong>&nbsp;2002-2008r<br><strong>SKODA OCTAVIA I<\/strong>&nbsp;2000-2010r<br><strong>SKODA SUPERB I<\/strong>&nbsp;2001-2008r<br><strong>\u2013<em>&nbsp;liczniki Jaeger:<\/em><\/strong><br><strong>Audi A3 8L<\/strong>&nbsp;1999-2003r<br><strong>Audi TT 8N<\/strong>&nbsp;1999-2006r<br><strong>Audi A4 B5<\/strong>&nbsp;1999-2001r<br>&#8212;&#8212;&#8212;&#8212;&#8212;&#8212;&#8212;&#8212;&#8212;&#8212;&#8212;&#8212;&#8212;&#8212;&#8211;<br><strong>Segment B6<\/strong>&nbsp;<strong>B7<\/strong><br><strong>VW Passat B6<\/strong>&nbsp;od 2003+<br><strong>VW Golf V<\/strong>&nbsp;2003 \u2013 2009<br><strong>VW Golf Plus<\/strong><br><strong>VW Touran<\/strong><br><strong>Audi A4 B6<\/strong>&nbsp;2000 \u2013 2004<br><strong>Audi A4 B7<\/strong>&nbsp;2004 \u2013 2007<br><strong>Seat Exeo<\/strong><\/td><\/tr><\/tbody><\/table><\/figure>\n\n\n\n<p><strong>FIS (Fahrer Information System)<\/strong><br><strong>MFA (Multi funktions anzeige)<\/strong><\/p>\n","protected":false},"excerpt":{"rendered":"<p>Wy\u015bwietlacze z grupy VAG czyli do samochod\u00f3w Audi, VW, Porshe, Seat oraz Skoda. Wy\u015bwietlacze 1\/2 FIS (p\u00f3\u0142 FIS, ma\u0142y FIS, ma\u0142y MFA) Wy\u015bwietlacze Pe\u0142ny FIS (FULL FIS, du\u017cy FIS, du\u017cy MFA) Segment B5\u2013 liczniki VDO:Audi A3&nbsp;8L&nbsp;1996 &#8211; 2003rAudi A4 B5&nbsp;1997-2001rAudi A6 C5&nbsp;1997-2005rVW Bora&nbsp;1997- 2003rVW Golf IV&nbsp;(4) 1997 &#8211; 2004rVW Passat&nbsp;B5 i B5 FL 1996 &#8211; [&hellip;]<\/p>\n","protected":false},"author":1,"featured_media":0,"parent":0,"menu_order":0,"comment_status":"closed","ping_status":"closed","template":"","meta":{"_monsterinsights_skip_tracking":false,"_monsterinsights_sitenote_active":false,"_monsterinsights_sitenote_note":"","_monsterinsights_sitenote_category":0,"footnotes":""},"class_list":["post-274","page","type-page","status-publish","hentry","post"],"_links":{"self":[{"href":"http:\/\/www.wymiana-fis.pl\/index.php?rest_route=\/wp\/v2\/pages\/274","targetHints":{"allow":["GET"]}}],"collection":[{"href":"http:\/\/www.wymiana-fis.pl\/index.php?rest_route=\/wp\/v2\/pages"}],"about":[{"href":"http:\/\/www.wymiana-fis.pl\/index.php?rest_route=\/wp\/v2\/types\/page"}],"author":[{"embeddable":true,"href":"http:\/\/www.wymiana-fis.pl\/index.php?rest_route=\/wp\/v2\/users\/1"}],"replies":[{"embeddable":true,"href":"http:\/\/www.wymiana-fis.pl\/index.php?rest_route=%2Fwp%2Fv2%2Fcomments&post=274"}],"version-history":[{"count":5,"href":"http:\/\/www.wymiana-fis.pl\/index.php?rest_route=\/wp\/v2\/pages\/274\/revisions"}],"predecessor-version":[{"id":283,"href":"http:\/\/www.wymiana-fis.pl\/index.php?rest_route=\/wp\/v2\/pages\/274\/revisions\/283"}],"wp:attachment":[{"href":"http:\/\/www.wymiana-fis.pl\/index.php?rest_route=%2Fwp%2Fv2%2Fmedia&parent=274"}],"curies":[{"name":"wp","href":"https:\/\/api.w.org\/{rel}","templated":true}]}}